{"version":"1.0","provider_name":"WeRecycle.ch | WR Group AG","provider_url":"https:\/\/www.werecycle.ch\/de","author_name":"Matthias Gemperle","author_url":"https:\/\/www.werecycle.ch\/de\/author\/matthias\/","title":"Kunststoffrecycling - WeRecycle.ch | WR Group AG","type":"rich","width":600,"height":338,"html":"<blockquote class=\"wp-embedded-content\" data-secret=\"o4J3EEWQFk\"><a href=\"https:\/\/www.werecycle.ch\/de\/kunststoffrecycling-ein-paradigmenwechsel\/\">Kunststoffrecycling \u2013 Ein Paradigmenwechsel<\/a><\/blockquote><iframe sandbox=\"allow-scripts\" security=\"restricted\" src=\"https:\/\/www.werecycle.ch\/de\/kunststoffrecycling-ein-paradigmenwechsel\/embed\/#?secret=o4J3EEWQFk\" width=\"600\" height=\"338\" title=\"&#8222;Kunststoffrecycling \u2013 Ein Paradigmenwechsel&#8220; &#8211; WeRecycle.ch | WR Group AG\" data-secret=\"o4J3EEWQFk\" frameborder=\"0\" marginwidth=\"0\" marginheight=\"0\" scrolling=\"no\" class=\"wp-embedded-content\"><\/iframe><script>\n\/*! This file is auto-generated *\/\n!function(d,l){\"use strict\";l.querySelector&&d.addEventListener&&\"undefined\"!=typeof URL&&(d.wp=d.wp||{},d.wp.receiveEmbedMessage||(d.wp.receiveEmbedMessage=function(e){var t=e.data;if((t||t.secret||t.message||t.value)&&!\/[^a-zA-Z0-9]\/.test(t.secret)){for(var s,r,n,a=l.querySelectorAll('iframe[data-secret=\"'+t.secret+'\"]'),o=l.querySelectorAll('blockquote[data-secret=\"'+t.secret+'\"]'),c=new RegExp(\"^https?:$\",\"i\"),i=0;i<o.length;i++)o[i].style.display=\"none\";for(i=0;i<a.length;i++)s=a[i],e.source===s.contentWindow&&(s.removeAttribute(\"style\"),\"height\"===t.message?(1e3<(r=parseInt(t.value,10))?r=1e3:~~r<200&&(r=200),s.height=r):\"link\"===t.message&&(r=new URL(s.getAttribute(\"src\")),n=new URL(t.value),c.test(n.protocol))&&n.host===r.host&&l.activeElement===s&&(d.top.location.href=t.value))}},d.addEventListener(\"message\",d.wp.receiveEmbedMessage,!1),l.addEventListener(\"DOMContentLoaded\",function(){for(var e,t,s=l.querySelectorAll(\"iframe.wp-embedded-content\"),r=0;r<s.length;r++)(t=(e=s[r]).getAttribute(\"data-secret\"))||(t=Math.random().toString(36).substring(2,12),e.src+=\"#?secret=\"+t,e.setAttribute(\"data-secret\",t)),e.contentWindow.postMessage({message:\"ready\",secret:t},\"*\")},!1)))}(window,document);\n\/\/# sourceURL=https:\/\/www.werecycle.ch\/wp-includes\/js\/wp-embed.min.js\n<\/script>\n","thumbnail_url":"https:\/\/www.werecycle.ch\/wp-content\/uploads\/2022\/10\/blog-plastikrecycling.webp","thumbnail_width":1080,"thumbnail_height":1080,"description":"Es ist Samstag, die Kolonne vor der \u00f6rtlichen Wertstoffsammelstelle wird von Minute zu Minute l\u00e4nger. Gef\u00fchlt der halbe Ort hatte wohl die gleiche Idee. Bis weit in die Quartierstrassen staut sich der Verkehr."}

Es ist Samstag, die Kolonne vor der örtlichen Wertstoffsammelstelle wird von Minute zu Minute länger. Gefühlt der halbe Ort hatte wohl die gleiche Idee. Bis weit in die Quartierstrassen staut sich der Verkehr.
